e the second derivative of v(s). Give d(5).
-3
Let x(t) = -t**3 - 18*t**2 + 19*t + 14. Let b = 1235 - 1254. Determine x(b).
14
Let n(g) be the second derivative of -g**4/12 + g**3 + 17*g**2/2 + 8409*g. Calculate n(5).
22
Suppose -69*w + 339 = -213. Let l(m) = -m**2 + 5*m - 7. Calculate l(w).
-31
Let s(k) be the second derivative of -17*k**3/2 - 3*k**2 - 283*k + 2. Let q(c) = -10*c - 1. Let b(a) = 21*q(a) - 4*s(a). What is b(-1)?
9
Let y(r) = r**3 + 6*r**2 + 3. Let s be y(-6). Let l(k) = 2*k + s*k + 4*k - 6*k - 1. Let j = 167 - 164. Determine l(j).
8
Let v(k) = -k**2 - 4*k**3 - 18996*k - 1 + 18991*k + 2*k**3. What is v(-4)?
131
Let c(m) = -3*m + 3. Let y be 12/(-42) + 208/(-56). Let x be 1*-1*(-33 - -33) - y. Give c(x).
-9
Suppose -8 = -4*m, 25 = -j + 2*m - 24. Let d = 43 + j. Let z(y) be the first derivative of y**3/3 + 3*y**2/2 + 2*y - 5. What is z(d)?
0
Let v(k) be the third derivative of k**6/360 - k**5/30 - 47*k**4/8 + 56*k**2 + 2. Let d(z) be the second derivative of v(z). Give d(5).
6
Let n(z) = -z**3 + 47*z**2 - 43*z - 139. Suppose -4*g - 188 = -4*w, 0 = 25*g - 22*g + 3. Determine n(w).
-1
Let b(s) = 7*s - 130. Let i be b(19). Let o(n) = -n**3 + 9*n - 6. Let c be o(i). Let a(m) = -2 - m + 1 - 4 + 2. Give a(c).
3
Let u(t) = 32 - 29*t + 37*t + t**2 + 10 - 22*t. What is u(6)?
-6
Suppose 0 = -0*x - 5*x - 45. Let o(v) = -v**3 + 0*v**3 - 8*v**2 - 4 - 2*v + 14*v - 2. Determine o(x).
-33
Let o(g) = -20 + 15 + 76840*g - 76832*g. Calculate o(1).
3
Let d(v) be the third derivative of v**4/3 - v**3/3 - 1464*v**2. Let c(o) = o - 14. Let p be c(16). Give d(p).
14
Let r(b) = -3*b**2 - b - 1. Let k(t) = -23*t - 3 - 7*t**2 - 23*t - 7*t**2 + 0*t**2 + 42*t. Let s(u) = k(u) - 3*r(u). Determine s(-1).
-4
Let r(z) = 3*z + 0*z + 2*z + 19*z**2 + z**3 - 28*z**2 - 4 - 23. What is r(9)?
18
Let l be 4/(-14) - (-88)/14. Let m be -1 - (-2*(-45)/(-10))/1. Let p(c) = 4*c**2 - 3*c**2 + 0 + 0*c**2 - 1 - m*c. What is p(l)?
-13
Let x(w) be the second derivative of -1/40*w**5 - 11/2*w**3 + 0*w**4 - 29*w + 0 + 0*w**2. Let a(f) be the second derivative of x(f). What is a(-1)?
3
Let q(h) = -15*h. Suppose -z + 8 = 2*m, 3*z + 5*m - 8 = 3*m. Suppose z = -j - w + 1, -5*w - 2 = -0*j - 2*j. What is q(j)?
-15
Suppose 1291*j = 1260*j. Let b be (2*1)/((-2)/(-2)). Let p(r) = 0*r**b - r + 5 + 2*r - r**2 - r**3. What is p(j)?
5
Let l be (-1 - -2 - 3/2)/((-2)/8). Let r(t) = 9*t**3 - 2*t**2 + 1. Calculate r(l).
65
Let j(s) = 2*s**2 - 30*s + 77. Let a be j(12). Let r(g) = -7*g + 24. Calculate r(a).
-11
Let t(i) = 2*i + 4. Let f be t(4). Let x = f - 6. Let h(w) = -17*w + 1 + x*w + 3 + 6*w. What is h(3)?
-11
Let h(g) = -g**3 + 12*g**2 + 12*g + 5. Suppose 176 = -5*o - 3*t + 244, 2*t + 50 = 4*o. Calculate h(o).
-8
Suppose 0*p + 45 = -4*p - 5*z, -5*p + 2*z - 81 = 0. Let x = -18 - p. Let l(u) = u**3 + 2*u**2 - 2*u - 4. Calculate l(x).
-7
Suppose -3*k - o = 25, -o = 5*k + 2*o + 35. Let i = 18 - 17. Let n(q) = i - 4*q - 4*q - 3 - q**2 - 3*q. Give n(k).
8
Let t = 266 + -264. Let z(u) = 19*u**t - 20*u**2 + 2*u - u + 9 - u**3. Give z(0).
9
Suppose 1 = -p + d, -44*p + 2*d = -39*p - 7. Let m(b) = 11*b - 5. Give m(p).
28
Let x(y) be the second derivative of -y**5/20 + y**4/2 + y**3/3 + 1093*y. What is x(6)?
12
Let l be 134 - ((-8)/8 - -3). Let w be 38/(-4) - 6*11/l. Let h(k) = -2*k + 3*k - 11 - 2*k. Calculate h(w).
-1
Suppose 2*i - 6 = -2*n + 2, -n = -5*i + 14. Let d(m) = 1 + m**i - m**2 - 9*m**2 + m + 12*m**2. Let a be 3*(4/15)/((-10)/25). What is d(a)?
-1
Let p(s) = -5*s**2 - 43*s + 11. Let i be p(0). Let q(b) = -2*b**3 + 23*b**2 + 2*b - 21. Calculate q(i).
122
Let x(v) = -v - 4*v**2 + 0*v**2 - 2*v**2 + 1. Suppose 0 = q - 2*q, -5*k = 2*q + 10. Let y be (-1)/2*1*k. What is x(y)?
-6
Let l(r) = -r**3 + 6*r**2 + 2*r - 2. Let t(k) = k**3 - 2*k**2 + 73*k - 318. Let h be t(4). Determine l(h).
10
Let q(x) be the third derivative of -x**4/12 - x**3/2 + 2558*x**2. Calculate q(-2).
1
Let a(b) = -b**2 - 6*b + 7. Let o = 16 - 15. Let q(s) = -159*s - 154*s - 8*s**3 + 2 + 466*s - 154*s. Let w be q(o). What is a(w)?
0
Suppose o + 0*g = -2*g + 9, -2*g - 9 = -5*o. Suppose 0 = -7*j + o*j - 36. Let z(v) be the third derivative of v**4/12 + 13*v**3/6 + v**2 + 9938*v. Give z(j).
-5
Let k be (-21)/(-9)*(-2 + 12 + -1). Suppose 2*j = -4 + 8, 2*j = 5*f - k. Let q(x) be the second derivative of x**3/3 - x**2 + 2*x. What is q(f)?
8
Let c(v) = -v - 1. Suppose 7*x - 35 = 98. Suppose -4*b + s + 32 = 5*s, 4*s - x = -3*b. Suppose -3*g = i - b, -i - 11 = -4*g + 4*i. Calculate c(g).
-5
Let i(c) = -c**3 - 2*c**2 + 100*c - 1. Let d be i(9). Let w(r) = r**2 - 3*r. Calculate w(d).
40
Let y(n) = -40*n - 208. Let b(r) = 17*r + 83. Let t(q) = -12*b(q) - 5*y(q). Give t(8).
12
Suppose q + 1 = -399*d + 401*d, -3 = 4*d + 3*q. Let z(h) = h - 19. Calculate z(d).
-19
Let n(i) = i**3 - 5*i**2 + 2*i + 2. Suppose f = 3*g + 1992, g + 664 = -2*f + 6*f. Let d = g + 668. What is n(d)?
-6
Let j(x) be the second derivative of -7*x**3/3 - 1570*x. Calculate j(-4).
56
Let v(g) = g**3 - g**2 + 22. Let s be ((-12)/4)/12 - (-6)/24. Suppose s = 4*i - 13 + 9, -4*o - 3*i = -3. Calculate v(o).
22
Let i(r) = -r**2 - 26*r + 145. Let p be ((-220)/33)/((-22)/(-99)). Calculate i(p).
25
Let g be (-10)/(-6) + (-3)/(-9). Suppose 6*r = g*d + 10*r - 4, 0 = -4*r + 4. Let l(n) be the first derivative of -n**4/4 + n**3/3 - 10*n + 1. What is l(d)?
-10
Let y(v) = -4*v**3 - 5*v**2 - 3*v - 24. Let w(t) = 15*t**3 + 18*t**2 + 12*t + 90. Let n(m) = 3*w(m) + 11*y(m). Calculate n(0).
6
Let g(x) = 114*x**2 - 4 - 112*x**2 - 5*x**3 + 132*x - 130*x. What is g(2)?
-32
Let v(y) = -y**2 - 9*y + 10. Let s be v(2). Let f(d) = d**2 + 18*d + 66. Give f(s).
-6
Let g(n) = n - 4 - 2*n + 3 + 29 + 6*n. Determine g(-4).
8
Let b(u) = -4*u + 100. Suppose -27*d + 58*d - 160 = 23*d. Calculate b(d).
20
Let m(f) = -2*f**2 + f - 11. Let d(a) = 2*a**2 - 6*a + 5. Let h be d(3). Let r(c) = 2*c**2 - 2*c + 9. Let n(o) = h*m(o) + 6*r(o). What is n(4)?
3
Suppose -115*t = -14 - 101. Let s(q) = -q + 5. Let p(i) = -3*i + 9. Let h(c) = -6*p(c) + 11*s(c). Determine h(t).
8
Let j(d) = -4 - 9*d + 4*d + d + d**2 + 2. Let s(b) = 3*b**2 - 3*b + 2. Let x be s(1). Suppose 4*y - 7 = -5*p + x, 0 = -5*y - 20. Determine j(p).
3
Let j(r) = 97*r**2 + 8*r - 36. Let y(i) = 170*i**2 + 16*i - 70. Let p(q) = 7*j(q) - 4*y(q). Calculate p(-11).
-5
Let t(s) = 3*s**3 + 3*s**2 + 3*s + 1. Let w be 1/((-7)/70 - (-18)/(-45)). Calculate t(w).
-17
Let a(g) = -6*g - 9*g - g**2 - 41 + 4 + 4*g. Determine a(-6).
-7
Let m(v) be the third derivative of 5/24*v**4 + 0 - 11/3*v**3 + 0*v + 22*v**2 + 1/360*v**6 + 1/20*v**5. Let j(f) be the first derivative of m(f). What is j(-6)?
5
Suppose 3*s + 0*s = -9. Let g be 3*(-1 + 3) - -1. Let l(u) = 6 - 2 - 1 + g*u. What is l(s)?
-18
Let h = 234 + -208. Let i(c) = c**2 - 13 - 27*c**3 + h*c**3 + 28 - c. Calculate i(0).
15
Suppose 0 = -0*s - 6*s + 72. Suppose 11*o - 14*o = s. Let g(d) = -4*d**2 - 4*d + d + d - 3*d - d**3 + 8*d + 1. Calculate g(o).
-11
Let r(j) = 0 + 0 - j**2 - 3*j. Suppose -4*k + 28 = -5*u, -81*u = -78*u + 5*k + 2. Calculate r(u).
-4
Let c(m) = m**2 - 4*m - 4. Let f(o) = -o + 8. Let l = 55 + -58. Let k be f(l). Suppose 78 = k*r + 2*r. Calculate c(r).
8
Let t(l) = -222*l - 92. Let h be t(1). Let p = h + 314. Let m(o) = -o**3 + o**2 - o - 4. Let i(v) = -v. Let b(g) = 2*i(g) - m(g). What is b(p)?
4
Suppose -3818*u = -3714*u - 208. Let s(j) = -2*j - 5. Let v(y) = -y - 2. Suppose -k = 4*z - 4 + 7, -3*z = 3*k - 18. Let t(p) = k*v(p) - 4*s(p). Give t(u).
0
Let z = 189 + -296. Let a = -114 - z. Let x(l) = -l**3 - 7*l**2 - 2*l - 9. Determine x(a).
5
Let s(z) = z**2 + 3*z - 3. Let i(f) = 91 + 5*f - 49 - 45 + 4*f**2 - 2*f**2. Let a be i(0). Give s(a).
-3
Let v(x) = -2*x + 11*x**2 + 6*x**2 + 22*x**2 - 46*x**2 - 40 + 10*x**2. Calculate v(7).
93
Let o(y) = -y**3 + y**2 + 34*y + 68. Let p be o(-3). Let j(q) = 4 - 4*q**3 + 2 - 3*q + 2*q**2 + 3*q**3. Let w be j(p). Let l(d) = -d**3 + d + 17. What is l(w)?
17
Let d(a) = -2*a**2 - 8*a - 24. Let u(f) = f**2 + 5*f + 12. Let i(z) = -2*d(z) - 5*u(z). Suppose 0*c - 3*g = 5*c + 48, 4*g = -4. Calculate i(c).
-12
Suppose 6*y = 4*y - 2*g + 2, 0 = -4*g + 4. Let q be y/(1 + (-3 - -2 - 2)). Let w(z) = -3 + 8*z + 0 + z**2 + q*z**2 + 1. Give w(-9).
7
Let m(o) = 27*o + 33. Let c = -222